{"id":92,"date":"2023-11-22T16:26:52","date_gmt":"2023-11-22T16:26:52","guid":{"rendered":"https:\/\/anuario2023.torrefuerte.bo\/?page_id=92"},"modified":"2023-12-12T14:03:20","modified_gmt":"2023-12-12T14:03:20","slug":"predica-pastor-salcedo","status":"publish","type":"page","link":"https:\/\/anuario2023.torrefuerte.bo\/index.php\/pastores-toto-y-silvia-salcedo\/predica-pastor-salcedo\/","title":{"rendered":"Pr\u00e9dica Pastor Salcedo"},"content":{"rendered":"\n<p>Lo primero que tenemos que entender es qui\u00e9nes somos y la gran desgracia de este siglo XXI es que la mayor\u00eda de los creyentes creen que son creyentes porque creen en Jes\u00fas, pero no est\u00e1n capacitados para hacer la obra que \u00e9l les dijo.<\/p>\n\n\n\n<p>Pensamos que servir a Dios es una carrera espiritual, de muchos seminarios, muchos cursos.<\/p>\n\n\n\n<p>Creemos que primero tenemos que ser amorosos, buenitos, asistir a todas las reuniones y luego empezar a predicar.<\/p>\n\n\n\n<blockquote class=\"wp-block-quote is-layout-flow wp-block-quote-is-layout-flow\">\n<p><em>\u201cPorque todos los que son guiados por el Esp\u00edritu de Dios son hijos de Dios\u201d.<\/em> <mark style=\"background-color:rgba(0, 0, 0, 0)\" class=\"has-inline-color has-primary-hover-color\">Romanos 8:14<\/mark><\/p>\n<\/blockquote>\n\n\n\n<p>Si nosotros somos guiados por el Esp\u00edritu Santo y no por nuestras pasiones, intereses o cualquier cosa, la historia va a ser distinta.&nbsp;<\/p>\n\n\n\n<p>No existe un curso para poder recibir el Esp\u00edritu Santo y sin el Esp\u00edritu Santo simplemente somos religiosos que hablamos del Se\u00f1or.<\/p>\n\n\n\n<p>\u00bfCu\u00e1ntas veces al d\u00eda hablas con el Esp\u00edritu Santo? \u00bfCu\u00e1ntas veces escuchas al Esp\u00edritu Santo? Tenemos al Esp\u00edritu Santo como nuestro salvador y Se\u00f1or, tenemos la oportunidad y la obligaci\u00f3n de escuchar Su gu\u00eda.<\/p>\n\n\n\n<p>No sean religiosos, sean soldados activos, para hacer, predicar, creer y ense\u00f1ar la Palabra de Dios, ac\u00e9rquense a la comuni\u00f3n del Esp\u00edritu Santo.<\/p>\n\n\n\n<figure class=\"wp-block-image size-large\"><img fetchpriority=\"high\" decoding=\"async\" width=\"1024\" height=\"898\" src=\"http:\/\/anuario2023.torrefuerte.bo\/wp-content\/uploads\/2023\/11\/05_PrsSalcedo01-1024x898.jpg\" alt=\"\" class=\"wp-image-28\" srcset=\"https:\/\/anuario2023.torrefuerte.bo\/wp-content\/uploads\/2023\/11\/05_PrsSalcedo01-1024x898.jpg 1024w, https:\/\/anuario2023.torrefuerte.bo\/wp-content\/uploads\/2023\/11\/05_PrsSalcedo01-300x263.jpg 300w, https:\/\/anuario2023.torrefuerte.bo\/wp-content\/uploads\/2023\/11\/05_PrsSalcedo01-768x674.jpg 768w, https:\/\/anuario2023.torrefuerte.bo\/wp-content\/uploads\/2023\/11\/05_PrsSalcedo01.jpg 1140w\" sizes=\"(max-width: 1024px) 100vw, 1024px\" \/><\/figure>\n\n\n\n<div class=\"wp-block-buttons is-layout-flex wp-block-buttons-is-layout-flex\">\n<div class=\"wp-block-button\"><a class=\"wp-block-button__link wp-element-button\" href=\"https:\/\/anuario2023.torrefuerte.bo\/index.php\/pastores-toto-y-silvia-salcedo\/\">Volver<\/a><\/div>\n<\/div>\n","protected":false},"excerpt":{"rendered":"<p>Lo primero que tenemos que entender es qui\u00e9nes somos y la gran desgracia de este siglo XXI es que la mayor\u00eda de los creyentes creen que son creyentes porque creen en Jes\u00fas, pero no est\u00e1n capacitados para hacer la obra que \u00e9l les dijo. Pensamos que servir a Dios es una carrera espiritual, de muchos [&hellip;]<\/p>\n","protected":false},"author":2,"featured_media":0,"parent":70,"menu_order":1,"comment_status":"closed","ping_status":"closed","template":"","meta":{"om_disable_all_campaigns":false,"_monsterinsights_skip_tracking":false,"_monsterinsights_sitenote_active":false,"_monsterinsights_sitenote_note":"","_monsterinsights_sitenote_category":0,"_uf_show_specific_survey":0,"_uf_disable_surveys":false,"footnotes":""},"class_list":["post-92","page","type-page","status-publish","hentry"],"aioseo_notices":[],"_links":{"self":[{"href":"https:\/\/anuario2023.torrefuerte.bo\/index.php\/wp-json\/wp\/v2\/pages\/92","targetHints":{"allow":["GET"]}}],"collection":[{"href":"https:\/\/anuario2023.torrefuerte.bo\/index.php\/wp-json\/wp\/v2\/pages"}],"about":[{"href":"https:\/\/anuario2023.torrefuerte.bo\/index.php\/wp-json\/wp\/v2\/types\/page"}],"author":[{"embeddable":true,"href":"https:\/\/anuario2023.torrefuerte.bo\/index.php\/wp-json\/wp\/v2\/users\/2"}],"replies":[{"embeddable":true,"href":"https:\/\/anuario2023.torrefuerte.bo\/index.php\/wp-json\/wp\/v2\/comments?post=92"}],"version-history":[{"count":2,"href":"https:\/\/anuario2023.torrefuerte.bo\/index.php\/wp-json\/wp\/v2\/pages\/92\/revisions"}],"predecessor-version":[{"id":987,"href":"https:\/\/anuario2023.torrefuerte.bo\/index.php\/wp-json\/wp\/v2\/pages\/92\/revisions\/987"}],"up":[{"embeddable":true,"href":"https:\/\/anuario2023.torrefuerte.bo\/index.php\/wp-json\/wp\/v2\/pages\/70"}],"wp:attachment":[{"href":"https:\/\/anuario2023.torrefuerte.bo\/index.php\/wp-json\/wp\/v2\/media?parent=92"}],"curies":[{"name":"wp","href":"https:\/\/api.w.org\/{rel}","templated":true}]}}

Prédica Pastor Salcedo

<p>Lo primero que tenemos que entender es quiénes somos y la gran desgracia de este siglo XXI es que la mayoría de los creyentes creen que son creyentes porque creen en Jesús, pero no están capacitados para hacer la obra que él les dijo.</p>



<p>Pensamos que servir a Dios es una carrera espiritual, de muchos seminarios, muchos cursos.</p>



<p>Creemos que primero tenemos que ser amorosos, buenitos, asistir a todas las reuniones y luego empezar a predicar.</p>



<blockquote class="wp-block-quote is-layout-flow wp-block-quote-is-layout-flow">
<p><em>“Porque todos los que son guiados por el Espíritu de Dios son hijos de Dios”.</em> <mark style="background-color:rgba(0, 0, 0, 0)" class="has-inline-color has-primary-hover-color">Romanos 8:14</mark></p>
</blockquote>



<p>Si nosotros somos guiados por el Espíritu Santo y no por nuestras pasiones, intereses o cualquier cosa, la historia va a ser distinta.&nbsp;</p>



<p>No existe un curso para poder recibir el Espíritu Santo y sin el Espíritu Santo simplemente somos religiosos que hablamos del Señor.</p>



<p>¿Cuántas veces al día hablas con el Espíritu Santo? ¿Cuántas veces escuchas al Espíritu Santo? Tenemos al Espíritu Santo como nuestro salvador y Señor, tenemos la oportunidad y la obligación de escuchar Su guía.</p>



<p>No sean religiosos, sean soldados activos, para hacer, predicar, creer y enseñar la Palabra de Dios, acérquense a la comunión del Espíritu Santo.</p>



<figure class="wp-block-image size-large"><img fetchpriority="high" decoding="async" width="1024" height="898" src="http://anuario2023.torrefuerte.bo/wp-content/uploads/2023/11/05_PrsSalcedo01-1024x898.jpg" alt="" class="wp-image-28" srcset="https://anuario2023.torrefuerte.bo/wp-content/uploads/2023/11/05_PrsSalcedo01-1024x898.jpg 1024w, https://anuario2023.torrefuerte.bo/wp-content/uploads/2023/11/05_PrsSalcedo01-300x263.jpg 300w, https://anuario2023.torrefuerte.bo/wp-content/uploads/2023/11/05_PrsSalcedo01-768x674.jpg 768w, https://anuario2023.torrefuerte.bo/wp-content/uploads/2023/11/05_PrsSalcedo01.jpg 1140w" sizes="(max-width: 1024px) 100vw, 1024px" /></figure>



<div class="wp-block-buttons is-layout-flex wp-block-buttons-is-layout-flex">
<div class="wp-block-button"><a class="wp-block-button__link wp-element-button" href="https://anuario2023.torrefuerte.bo/index.php/pastores-toto-y-silvia-salcedo/">Volver</a></div>
</div>

<p>Lo primero que tenemos que entender es quiénes somos y la gran desgracia de este siglo XXI es que la mayoría de los creyentes creen que son creyentes porque creen en Jesús, pero no están capacitados para hacer la obra que él les dijo. Pensamos que servir a Dios es una carrera espiritual, de muchos [&hellip;]</p>
