{"id":438,"date":"2023-12-06T14:38:12","date_gmt":"2023-12-06T14:38:12","guid":{"rendered":"https:\/\/anuario2023.torrefuerte.bo\/?page_id=438"},"modified":"2023-12-06T15:37:44","modified_gmt":"2023-12-06T15:37:44","slug":"modelo-de-jesus","status":"publish","type":"page","link":"https:\/\/anuario2023.torrefuerte.bo\/index.php\/modelo-de-jesus\/","title":{"rendered":"Modelo de Jes\u00fas"},"content":{"rendered":"\n<div class=\"wp-block-group ona-container is-layout-flow wp-block-group-is-layout-flow\" style=\"padding-top:100px;padding-bottom:20px\">\n<figure class=\"wp-block-gallery has-nested-images columns-5 is-cropped wp-block-gallery-1 is-layout-flex wp-block-gallery-is-layout-flex\">\n<figure class=\"wp-block-image size-full\"><a href=\"https:\/\/anuario2023.torrefuerte.bo\/index.php\/encuentros\/\"><img fetchpriority=\"high\" decoding=\"async\" width=\"376\" height=\"376\" data-id=\"460\" src=\"http:\/\/anuario2023.torrefuerte.bo\/wp-content\/uploads\/2023\/12\/01_MDJ_Encuentro.jpg\" alt=\"\" class=\"wp-image-460\" srcset=\"https:\/\/anuario2023.torrefuerte.bo\/wp-content\/uploads\/2023\/12\/01_MDJ_Encuentro.jpg 376w, https:\/\/anuario2023.torrefuerte.bo\/wp-content\/uploads\/2023\/12\/01_MDJ_Encuentro-300x300.jpg 300w, https:\/\/anuario2023.torrefuerte.bo\/wp-content\/uploads\/2023\/12\/01_MDJ_Encuentro-150x150.jpg 150w\" sizes=\"(max-width: 376px) 100vw, 376px\" \/><\/a><\/figure>\n\n\n\n<figure class=\"wp-block-image size-full\"><a href=\"https:\/\/anuario2023.torrefuerte.bo\/index.php\/academia-de-obreros\/\"><img decoding=\"async\" width=\"376\" height=\"376\" data-id=\"461\" src=\"http:\/\/anuario2023.torrefuerte.bo\/wp-content\/uploads\/2023\/12\/02_MDJ_Academia.jpg\" alt=\"\" class=\"wp-image-461\" srcset=\"https:\/\/anuario2023.torrefuerte.bo\/wp-content\/uploads\/2023\/12\/02_MDJ_Academia.jpg 376w, https:\/\/anuario2023.torrefuerte.bo\/wp-content\/uploads\/2023\/12\/02_MDJ_Academia-300x300.jpg 300w, https:\/\/anuario2023.torrefuerte.bo\/wp-content\/uploads\/2023\/12\/02_MDJ_Academia-150x150.jpg 150w\" sizes=\"(max-width: 376px) 100vw, 376px\" \/><\/a><\/figure>\n\n\n\n<figure class=\"wp-block-image size-full\"><a href=\"https:\/\/anuario2023.torrefuerte.bo\/index.php\/lanzamiento\/\"><img decoding=\"async\" width=\"376\" height=\"376\" data-id=\"462\" src=\"http:\/\/anuario2023.torrefuerte.bo\/wp-content\/uploads\/2023\/12\/03_MDJ_Lanzamiento.jpg\" alt=\"\" class=\"wp-image-462\" srcset=\"https:\/\/anuario2023.torrefuerte.bo\/wp-content\/uploads\/2023\/12\/03_MDJ_Lanzamiento.jpg 376w, https:\/\/anuario2023.torrefuerte.bo\/wp-content\/uploads\/2023\/12\/03_MDJ_Lanzamiento-300x300.jpg 300w, https:\/\/anuario2023.torrefuerte.bo\/wp-content\/uploads\/2023\/12\/03_MDJ_Lanzamiento-150x150.jpg 150w\" sizes=\"(max-width: 376px) 100vw, 376px\" \/><\/a><\/figure>\n\n\n\n<figure class=\"wp-block-image size-full\"><a href=\"https:\/\/anuario2023.torrefuerte.bo\/index.php\/bautizo\/\"><img loading=\"lazy\" decoding=\"async\" width=\"376\" height=\"376\" data-id=\"463\" src=\"http:\/\/anuario2023.torrefuerte.bo\/wp-content\/uploads\/2023\/12\/04_MDJ_Bautismo.jpg\" alt=\"\" class=\"wp-image-463\" srcset=\"https:\/\/anuario2023.torrefuerte.bo\/wp-content\/uploads\/2023\/12\/04_MDJ_Bautismo.jpg 376w, https:\/\/anuario2023.torrefuerte.bo\/wp-content\/uploads\/2023\/12\/04_MDJ_Bautismo-300x300.jpg 300w, https:\/\/anuario2023.torrefuerte.bo\/wp-content\/uploads\/2023\/12\/04_MDJ_Bautismo-150x150.jpg 150w\" sizes=\"(max-width: 376px) 100vw, 376px\" \/><\/a><\/figure>\n<\/figure>\n<\/div>\n\n\n\n<p>En el tejido mismo de nuestra congregaci\u00f3n, abrazamos el <strong>MODELO DE JES\u00daS<\/strong> como la esencia de nuestra formaci\u00f3n y crecimiento espiritual. Este modelo, arraigado en principios b\u00edblicos, refleja la estrategia que Jes\u00fas emple\u00f3 para moldear a sus disc\u00edpulos.<\/p>\n\n\n\n<p>No es simplemente un sistema de crecimiento, sino un aut\u00e9ntico modelo de vida y discipulado. Su eficacia radica en la renovaci\u00f3n del coraz\u00f3n, y, m\u00e1s que una metodolog\u00eda, representa una forma de vida.<\/p>\n\n\n\n<p>Inspirado por c\u00f3mo Jes\u00fas seleccion\u00f3 a doce disc\u00edpulos, los form\u00f3, y luego los envi\u00f3 con autoridad, nuestra implementaci\u00f3n del <strong>MODELO DE JES\u00daS<\/strong> sigue esta misma senda. Creemos en la capacitaci\u00f3n integral de individuos, no s\u00f3lo para su propio crecimiento espiritual, sino para enviarlos, de dos en dos, a predicar, sanar y liberar.<\/p>\n\n\n\n<p>Este modelo no solo busca bendecir, sino transformar vidas de manera profunda y duradera. En su esencia, el <strong>MODELO DE JES\u00daS<\/strong> es un compromiso continuo con el llamado divino de ser agentes de cambio y portadores de la bendici\u00f3n para cada persona que cruzamos en nuestro camino.<\/p>\n\n\n\n<div class=\"wp-block-buttons is-layout-flex wp-block-buttons-is-layout-flex\">\n<div class=\"wp-block-button\"><a class=\"wp-block-button__link wp-element-button\" href=\"https:\/\/anuario2023.torrefuerte.bo#SeccionEventos\">Volver<\/a><\/div>\n<\/div>\n","protected":false},"excerpt":{"rendered":"<p>En el tejido mismo de nuestra congregaci\u00f3n, abrazamos el MODELO DE JES\u00daS como la esencia de nuestra formaci\u00f3n y crecimiento espiritual. Este modelo, arraigado en principios b\u00edblicos, refleja la estrategia que Jes\u00fas emple\u00f3 para moldear a sus disc\u00edpulos. No es simplemente un sistema de crecimiento, sino un aut\u00e9ntico modelo de vida y discipulado. Su eficacia [&hellip;]<\/p>\n","protected":false},"author":2,"featured_media":0,"parent":0,"menu_order":0,"comment_status":"closed","ping_status":"closed","template":"","meta":{"om_disable_all_campaigns":false,"_monsterinsights_skip_tracking":false,"_monsterinsights_sitenote_active":false,"_monsterinsights_sitenote_note":"","_monsterinsights_sitenote_category":0,"_uf_show_specific_survey":0,"_uf_disable_surveys":false,"footnotes":""},"class_list":["post-438","page","type-page","status-publish","hentry"],"aioseo_notices":[],"_links":{"self":[{"href":"https:\/\/anuario2023.torrefuerte.bo\/index.php\/wp-json\/wp\/v2\/pages\/438","targetHints":{"allow":["GET"]}}],"collection":[{"href":"https:\/\/anuario2023.torrefuerte.bo\/index.php\/wp-json\/wp\/v2\/pages"}],"about":[{"href":"https:\/\/anuario2023.torrefuerte.bo\/index.php\/wp-json\/wp\/v2\/types\/page"}],"author":[{"embeddable":true,"href":"https:\/\/anuario2023.torrefuerte.bo\/index.php\/wp-json\/wp\/v2\/users\/2"}],"replies":[{"embeddable":true,"href":"https:\/\/anuario2023.torrefuerte.bo\/index.php\/wp-json\/wp\/v2\/comments?post=438"}],"version-history":[{"count":4,"href":"https:\/\/anuario2023.torrefuerte.bo\/index.php\/wp-json\/wp\/v2\/pages\/438\/revisions"}],"predecessor-version":[{"id":471,"href":"https:\/\/anuario2023.torrefuerte.bo\/index.php\/wp-json\/wp\/v2\/pages\/438\/revisions\/471"}],"wp:attachment":[{"href":"https:\/\/anuario2023.torrefuerte.bo\/index.php\/wp-json\/wp\/v2\/media?parent=438"}],"curies":[{"name":"wp","href":"https:\/\/api.w.org\/{rel}","templated":true}]}}

Modelo de Jesús

<div class="wp-block-group ona-container is-layout-flow wp-block-group-is-layout-flow" style="padding-top:100px;padding-bottom:20px">
<figure class="wp-block-gallery has-nested-images columns-5 is-cropped wp-block-gallery-1 is-layout-flex wp-block-gallery-is-layout-flex">
<figure class="wp-block-image size-full"><a href="https://anuario2023.torrefuerte.bo/index.php/encuentros/"><img fetchpriority="high" decoding="async" width="376" height="376" data-id="460" src="http://anuario2023.torrefuerte.bo/wp-content/uploads/2023/12/01_MDJ_Encuentro.jpg" alt="" class="wp-image-460" srcset="https://anuario2023.torrefuerte.bo/wp-content/uploads/2023/12/01_MDJ_Encuentro.jpg 376w, https://anuario2023.torrefuerte.bo/wp-content/uploads/2023/12/01_MDJ_Encuentro-300x300.jpg 300w, https://anuario2023.torrefuerte.bo/wp-content/uploads/2023/12/01_MDJ_Encuentro-150x150.jpg 150w" sizes="(max-width: 376px) 100vw, 376px" /></a></figure>



<figure class="wp-block-image size-full"><a href="https://anuario2023.torrefuerte.bo/index.php/academia-de-obreros/"><img decoding="async" width="376" height="376" data-id="461" src="http://anuario2023.torrefuerte.bo/wp-content/uploads/2023/12/02_MDJ_Academia.jpg" alt="" class="wp-image-461" srcset="https://anuario2023.torrefuerte.bo/wp-content/uploads/2023/12/02_MDJ_Academia.jpg 376w, https://anuario2023.torrefuerte.bo/wp-content/uploads/2023/12/02_MDJ_Academia-300x300.jpg 300w, https://anuario2023.torrefuerte.bo/wp-content/uploads/2023/12/02_MDJ_Academia-150x150.jpg 150w" sizes="(max-width: 376px) 100vw, 376px" /></a></figure>



<figure class="wp-block-image size-full"><a href="https://anuario2023.torrefuerte.bo/index.php/lanzamiento/"><img decoding="async" width="376" height="376" data-id="462" src="http://anuario2023.torrefuerte.bo/wp-content/uploads/2023/12/03_MDJ_Lanzamiento.jpg" alt="" class="wp-image-462" srcset="https://anuario2023.torrefuerte.bo/wp-content/uploads/2023/12/03_MDJ_Lanzamiento.jpg 376w, https://anuario2023.torrefuerte.bo/wp-content/uploads/2023/12/03_MDJ_Lanzamiento-300x300.jpg 300w, https://anuario2023.torrefuerte.bo/wp-content/uploads/2023/12/03_MDJ_Lanzamiento-150x150.jpg 150w" sizes="(max-width: 376px) 100vw, 376px" /></a></figure>



<figure class="wp-block-image size-full"><a href="https://anuario2023.torrefuerte.bo/index.php/bautizo/"><img loading="lazy" decoding="async" width="376" height="376" data-id="463" src="http://anuario2023.torrefuerte.bo/wp-content/uploads/2023/12/04_MDJ_Bautismo.jpg" alt="" class="wp-image-463" srcset="https://anuario2023.torrefuerte.bo/wp-content/uploads/2023/12/04_MDJ_Bautismo.jpg 376w, https://anuario2023.torrefuerte.bo/wp-content/uploads/2023/12/04_MDJ_Bautismo-300x300.jpg 300w, https://anuario2023.torrefuerte.bo/wp-content/uploads/2023/12/04_MDJ_Bautismo-150x150.jpg 150w" sizes="(max-width: 376px) 100vw, 376px" /></a></figure>
</figure>
</div>



<p>En el tejido mismo de nuestra congregación, abrazamos el <strong>MODELO DE JESÚS</strong> como la esencia de nuestra formación y crecimiento espiritual. Este modelo, arraigado en principios bíblicos, refleja la estrategia que Jesús empleó para moldear a sus discípulos.</p>



<p>No es simplemente un sistema de crecimiento, sino un auténtico modelo de vida y discipulado. Su eficacia radica en la renovación del corazón, y, más que una metodología, representa una forma de vida.</p>



<p>Inspirado por cómo Jesús seleccionó a doce discípulos, los formó, y luego los envió con autoridad, nuestra implementación del <strong>MODELO DE JESÚS</strong> sigue esta misma senda. Creemos en la capacitación integral de individuos, no sólo para su propio crecimiento espiritual, sino para enviarlos, de dos en dos, a predicar, sanar y liberar.</p>



<p>Este modelo no solo busca bendecir, sino transformar vidas de manera profunda y duradera. En su esencia, el <strong>MODELO DE JESÚS</strong> es un compromiso continuo con el llamado divino de ser agentes de cambio y portadores de la bendición para cada persona que cruzamos en nuestro camino.</p>



<div class="wp-block-buttons is-layout-flex wp-block-buttons-is-layout-flex">
<div class="wp-block-button"><a class="wp-block-button__link wp-element-button" href="https://anuario2023.torrefuerte.bo#SeccionEventos">Volver</a></div>
</div>

<p>En el tejido mismo de nuestra congregación, abrazamos el MODELO DE JESÚS como la esencia de nuestra formación y crecimiento espiritual. Este modelo, arraigado en principios bíblicos, refleja la estrategia que Jesús empleó para moldear a sus discípulos. No es simplemente un sistema de crecimiento, sino un auténtico modelo de vida y discipulado. Su eficacia [&hellip;]</p>
