{"id":434,"date":"2023-11-30T16:51:45","date_gmt":"2023-11-30T16:51:45","guid":{"rendered":"https:\/\/anuario2023.torrefuerte.bo\/?page_id=434"},"modified":"2023-12-10T01:39:14","modified_gmt":"2023-12-10T01:39:14","slug":"predica-pastora-silvia","status":"publish","type":"page","link":"https:\/\/anuario2023.torrefuerte.bo\/index.php\/pastores-toto-y-silvia-salcedo\/predica-pastora-silvia\/","title":{"rendered":"Pr\u00e9dica Pastora Silvia"},"content":{"rendered":"\n<p>La pastora destac\u00f3 la importancia de las acciones sobrenaturales en la primera iglesia, donde la expulsi\u00f3n de demonios y las sanaciones eran eventos comunes y naturales. Seg\u00fan la ense\u00f1anza de Jes\u00fas, todos est\u00e1n autorizados a poner manos sobre los enfermos para que sanen. La pastora enfatiz\u00f3 la necesidad de orar constantemente por los enfermos y expulsar demonios.<\/p>\n\n\n\n<p>La liberaci\u00f3n de un gadareno de los demonios fue descrita como un momento glorioso, mostrando el poder de Dios sobre el enemigo. Se anim\u00f3 a la congregaci\u00f3n a apreciar y disfrutar de los dones divinos, reconociendo la obra del Esp\u00edritu Santo.<\/p>\n\n\n\n<figure class=\"wp-block-image size-large\"><img fetchpriority=\"high\" decoding=\"async\" width=\"1024\" height=\"898\" src=\"http:\/\/anuario2023.torrefuerte.bo\/wp-content\/uploads\/2023\/11\/05_PrsSalcedo02-1024x898.jpg\" alt=\"\" class=\"wp-image-30\" srcset=\"https:\/\/anuario2023.torrefuerte.bo\/wp-content\/uploads\/2023\/11\/05_PrsSalcedo02-1024x898.jpg 1024w, https:\/\/anuario2023.torrefuerte.bo\/wp-content\/uploads\/2023\/11\/05_PrsSalcedo02-300x263.jpg 300w, https:\/\/anuario2023.torrefuerte.bo\/wp-content\/uploads\/2023\/11\/05_PrsSalcedo02-768x674.jpg 768w, https:\/\/anuario2023.torrefuerte.bo\/wp-content\/uploads\/2023\/11\/05_PrsSalcedo02.jpg 1140w\" sizes=\"(max-width: 1024px) 100vw, 1024px\" \/><\/figure>\n\n\n\n<p>La pastora record\u00f3 las palabras de Jes\u00fas sobre hacer cosas a\u00fan m\u00e1s grandes que \u00c9l y alent\u00f3 a la audiencia, asegurando que Dios los usar\u00e1 tal como son si creen en \u00e9l. Se subray\u00f3 que no es el individuo, sino el poder del Esp\u00edritu Santo quien act\u00faa.<\/p>\n\n\n\n<p>La importancia de escuchar al Padre y obedecer sus mandatos fue resaltada, enfoc\u00e1ndose en que cada persona ha sido encargada con dones, habilidades y unci\u00f3n espec\u00edficos. Se inst\u00f3 a la congregaci\u00f3n a entender que si se les dio un encargo, es porque tienen lo necesario para cumplirlo y que nadie m\u00e1s puede hacerlo. En resumen, la pastora enfoc\u00f3 su mensaje en la autoridad conferida por Jes\u00fas, la acci\u00f3n del Esp\u00edritu Santo y la responsabilidad individual de responder al llamado divino.<\/p>\n\n\n\n<div class=\"wp-block-buttons is-layout-flex wp-block-buttons-is-layout-flex\">\n<div class=\"wp-block-button\"><a class=\"wp-block-button__link wp-element-button\" href=\"https:\/\/anuario2023.torrefuerte.bo\/index.php\/pastores-toto-y-silvia-salcedo\/\">Volver<\/a><\/div>\n<\/div>\n","protected":false},"excerpt":{"rendered":"<p>La pastora destac\u00f3 la importancia de las acciones sobrenaturales en la primera iglesia, donde la expulsi\u00f3n de demonios y las sanaciones eran eventos comunes y naturales. Seg\u00fan la ense\u00f1anza de Jes\u00fas, todos est\u00e1n autorizados a poner manos sobre los enfermos para que sanen. La pastora enfatiz\u00f3 la necesidad de orar constantemente por los enfermos y [&hellip;]<\/p>\n","protected":false},"author":2,"featured_media":0,"parent":70,"menu_order":2,"comment_status":"closed","ping_status":"closed","template":"","meta":{"om_disable_all_campaigns":false,"_monsterinsights_skip_tracking":false,"_monsterinsights_sitenote_active":false,"_monsterinsights_sitenote_note":"","_monsterinsights_sitenote_category":0,"_uf_show_specific_survey":0,"_uf_disable_surveys":false,"footnotes":""},"class_list":["post-434","page","type-page","status-publish","hentry"],"aioseo_notices":[],"_links":{"self":[{"href":"https:\/\/anuario2023.torrefuerte.bo\/index.php\/wp-json\/wp\/v2\/pages\/434","targetHints":{"allow":["GET"]}}],"collection":[{"href":"https:\/\/anuario2023.torrefuerte.bo\/index.php\/wp-json\/wp\/v2\/pages"}],"about":[{"href":"https:\/\/anuario2023.torrefuerte.bo\/index.php\/wp-json\/wp\/v2\/types\/page"}],"author":[{"embeddable":true,"href":"https:\/\/anuario2023.torrefuerte.bo\/index.php\/wp-json\/wp\/v2\/users\/2"}],"replies":[{"embeddable":true,"href":"https:\/\/anuario2023.torrefuerte.bo\/index.php\/wp-json\/wp\/v2\/comments?post=434"}],"version-history":[{"count":3,"href":"https:\/\/anuario2023.torrefuerte.bo\/index.php\/wp-json\/wp\/v2\/pages\/434\/revisions"}],"predecessor-version":[{"id":728,"href":"https:\/\/anuario2023.torrefuerte.bo\/index.php\/wp-json\/wp\/v2\/pages\/434\/revisions\/728"}],"up":[{"embeddable":true,"href":"https:\/\/anuario2023.torrefuerte.bo\/index.php\/wp-json\/wp\/v2\/pages\/70"}],"wp:attachment":[{"href":"https:\/\/anuario2023.torrefuerte.bo\/index.php\/wp-json\/wp\/v2\/media?parent=434"}],"curies":[{"name":"wp","href":"https:\/\/api.w.org\/{rel}","templated":true}]}}

Prédica Pastora Silvia

<p>La pastora destacó la importancia de las acciones sobrenaturales en la primera iglesia, donde la expulsión de demonios y las sanaciones eran eventos comunes y naturales. Según la enseñanza de Jesús, todos están autorizados a poner manos sobre los enfermos para que sanen. La pastora enfatizó la necesidad de orar constantemente por los enfermos y expulsar demonios.</p>



<p>La liberación de un gadareno de los demonios fue descrita como un momento glorioso, mostrando el poder de Dios sobre el enemigo. Se animó a la congregación a apreciar y disfrutar de los dones divinos, reconociendo la obra del Espíritu Santo.</p>



<figure class="wp-block-image size-large"><img fetchpriority="high" decoding="async" width="1024" height="898" src="http://anuario2023.torrefuerte.bo/wp-content/uploads/2023/11/05_PrsSalcedo02-1024x898.jpg" alt="" class="wp-image-30" srcset="https://anuario2023.torrefuerte.bo/wp-content/uploads/2023/11/05_PrsSalcedo02-1024x898.jpg 1024w, https://anuario2023.torrefuerte.bo/wp-content/uploads/2023/11/05_PrsSalcedo02-300x263.jpg 300w, https://anuario2023.torrefuerte.bo/wp-content/uploads/2023/11/05_PrsSalcedo02-768x674.jpg 768w, https://anuario2023.torrefuerte.bo/wp-content/uploads/2023/11/05_PrsSalcedo02.jpg 1140w" sizes="(max-width: 1024px) 100vw, 1024px" /></figure>



<p>La pastora recordó las palabras de Jesús sobre hacer cosas aún más grandes que Él y alentó a la audiencia, asegurando que Dios los usará tal como son si creen en él. Se subrayó que no es el individuo, sino el poder del Espíritu Santo quien actúa.</p>



<p>La importancia de escuchar al Padre y obedecer sus mandatos fue resaltada, enfocándose en que cada persona ha sido encargada con dones, habilidades y unción específicos. Se instó a la congregación a entender que si se les dio un encargo, es porque tienen lo necesario para cumplirlo y que nadie más puede hacerlo. En resumen, la pastora enfocó su mensaje en la autoridad conferida por Jesús, la acción del Espíritu Santo y la responsabilidad individual de responder al llamado divino.</p>



<div class="wp-block-buttons is-layout-flex wp-block-buttons-is-layout-flex">
<div class="wp-block-button"><a class="wp-block-button__link wp-element-button" href="https://anuario2023.torrefuerte.bo/index.php/pastores-toto-y-silvia-salcedo/">Volver</a></div>
</div>

<p>La pastora destacó la importancia de las acciones sobrenaturales en la primera iglesia, donde la expulsión de demonios y las sanaciones eran eventos comunes y naturales. Según la enseñanza de Jesús, todos están autorizados a poner manos sobre los enfermos para que sanen. La pastora enfatizó la necesidad de orar constantemente por los enfermos y [&hellip;]</p>
