{"id":126,"date":"2023-11-24T14:17:03","date_gmt":"2023-11-24T14:17:03","guid":{"rendered":"https:\/\/anuario2023.torrefuerte.bo\/?page_id=126"},"modified":"2023-12-14T00:40:01","modified_gmt":"2023-12-14T00:40:01","slug":"campamentos","status":"publish","type":"page","link":"https:\/\/anuario2023.torrefuerte.bo\/index.php\/campamentos\/","title":{"rendered":"Campamentos"},"content":{"rendered":"\n<p>El vibrante latir de los j\u00f3venes de la congre reson\u00f3 a lo largo del a\u00f1o en tres inolvidables campamentos cuidadosamente organizados por la red de J\u00f3venes. Adem\u00e1s, se llev\u00f3 a cabo un retiro en el cual los l\u00edderes de esta red se sumergieron en una experiencia enriquecedora. Estos eventos no solo fueron momentos de conexi\u00f3n espiritual, sino tambi\u00e9n un testimonio de la vitalidad y compromiso de sus integrantes en la b\u00fasqueda conjunta de la fe y el crecimiento espiritual.<\/p>\n\n\n\n<p>Te invitamos a sumergirte en cada uno de estos campamentos en los enlaces siguientes:<\/p>\n\n\n\n<div class=\"wp-block-group ona-container is-layout-flow wp-block-group-is-layout-flow\" style=\"padding-top:100px;padding-bottom:20px\">\n<figure class=\"wp-block-gallery has-nested-images columns-5 is-cropped wp-block-gallery-1 is-layout-flex wp-block-gallery-is-layout-flex\">\n<figure class=\"wp-block-image size-large\"><a href=\"https:\/\/anuario2023.torrefuerte.bo\/index.php\/activate-2023\/\"><img fetchpriority=\"high\" decoding=\"async\" width=\"376\" height=\"376\" data-id=\"128\" src=\"http:\/\/anuario2023.torrefuerte.bo\/wp-content\/uploads\/2023\/11\/001_Camp01_Activate.jpg\" alt=\"\" class=\"wp-image-128\" srcset=\"https:\/\/anuario2023.torrefuerte.bo\/wp-content\/uploads\/2023\/11\/001_Camp01_Activate.jpg 376w, https:\/\/anuario2023.torrefuerte.bo\/wp-content\/uploads\/2023\/11\/001_Camp01_Activate-300x300.jpg 300w, https:\/\/anuario2023.torrefuerte.bo\/wp-content\/uploads\/2023\/11\/001_Camp01_Activate-150x150.jpg 150w\" sizes=\"(max-width: 376px) 100vw, 376px\" \/><\/a><\/figure>\n\n\n\n<figure class=\"wp-block-image size-large\"><a href=\"https:\/\/anuario2023.torrefuerte.bo\/index.php\/holy-camp\/\"><img decoding=\"async\" width=\"376\" height=\"376\" data-id=\"129\" src=\"http:\/\/anuario2023.torrefuerte.bo\/wp-content\/uploads\/2023\/11\/001_Camp02_HolyCamp.jpg\" alt=\"\" class=\"wp-image-129\" srcset=\"https:\/\/anuario2023.torrefuerte.bo\/wp-content\/uploads\/2023\/11\/001_Camp02_HolyCamp.jpg 376w, https:\/\/anuario2023.torrefuerte.bo\/wp-content\/uploads\/2023\/11\/001_Camp02_HolyCamp-300x300.jpg 300w, https:\/\/anuario2023.torrefuerte.bo\/wp-content\/uploads\/2023\/11\/001_Camp02_HolyCamp-150x150.jpg 150w\" sizes=\"(max-width: 376px) 100vw, 376px\" \/><\/a><\/figure>\n\n\n\n<figure class=\"wp-block-image size-full\"><a href=\"https:\/\/anuario2023.torrefuerte.bo\/index.php\/campamentos\/campamento-venciendo-gigantes\/\"><img decoding=\"async\" width=\"376\" height=\"376\" data-id=\"1217\" src=\"http:\/\/anuario2023.torrefuerte.bo\/wp-content\/uploads\/2023\/12\/VenciendoGigantes.jpg\" alt=\"\" class=\"wp-image-1217\" srcset=\"https:\/\/anuario2023.torrefuerte.bo\/wp-content\/uploads\/2023\/12\/VenciendoGigantes.jpg 376w, https:\/\/anuario2023.torrefuerte.bo\/wp-content\/uploads\/2023\/12\/VenciendoGigantes-300x300.jpg 300w, https:\/\/anuario2023.torrefuerte.bo\/wp-content\/uploads\/2023\/12\/VenciendoGigantes-150x150.jpg 150w\" sizes=\"(max-width: 376px) 100vw, 376px\" \/><\/a><\/figure>\n\n\n\n<figure class=\"wp-block-image size-full\"><a href=\"https:\/\/anuario2023.torrefuerte.bo\/index.php\/campamentos\/retiro-de-lideres\/\"><img loading=\"lazy\" decoding=\"async\" width=\"376\" height=\"376\" data-id=\"1218\" src=\"http:\/\/anuario2023.torrefuerte.bo\/wp-content\/uploads\/2023\/12\/Retiro.jpg\" alt=\"\" class=\"wp-image-1218\" srcset=\"https:\/\/anuario2023.torrefuerte.bo\/wp-content\/uploads\/2023\/12\/Retiro.jpg 376w, https:\/\/anuario2023.torrefuerte.bo\/wp-content\/uploads\/2023\/12\/Retiro-300x300.jpg 300w, https:\/\/anuario2023.torrefuerte.bo\/wp-content\/uploads\/2023\/12\/Retiro-150x150.jpg 150w\" sizes=\"(max-width: 376px) 100vw, 376px\" \/><\/a><\/figure>\n<\/figure>\n<\/div>\n\n\n\n<div class=\"wp-block-buttons is-layout-flex wp-block-buttons-is-layout-flex\">\n<div class=\"wp-block-button\"><a class=\"wp-block-button__link wp-element-button\" href=\"https:\/\/anuario2023.torrefuerte.bo#SeccionEventos\">Volver<\/a><\/div>\n<\/div>\n","protected":false},"excerpt":{"rendered":"<p>El vibrante latir de los j\u00f3venes de la congre reson\u00f3 a lo largo del a\u00f1o en tres inolvidables campamentos cuidadosamente organizados por la red de J\u00f3venes. Adem\u00e1s, se llev\u00f3 a cabo un retiro en el cual los l\u00edderes de esta red se sumergieron en una experiencia enriquecedora. Estos eventos no solo fueron momentos de conexi\u00f3n [&hellip;]<\/p>\n","protected":false},"author":2,"featured_media":0,"parent":0,"menu_order":0,"comment_status":"closed","ping_status":"closed","template":"","meta":{"om_disable_all_campaigns":false,"_monsterinsights_skip_tracking":false,"_monsterinsights_sitenote_active":false,"_monsterinsights_sitenote_note":"","_monsterinsights_sitenote_category":0,"_uf_show_specific_survey":0,"_uf_disable_surveys":false,"footnotes":""},"class_list":["post-126","page","type-page","status-publish","hentry"],"aioseo_notices":[],"_links":{"self":[{"href":"https:\/\/anuario2023.torrefuerte.bo\/index.php\/wp-json\/wp\/v2\/pages\/126","targetHints":{"allow":["GET"]}}],"collection":[{"href":"https:\/\/anuario2023.torrefuerte.bo\/index.php\/wp-json\/wp\/v2\/pages"}],"about":[{"href":"https:\/\/anuario2023.torrefuerte.bo\/index.php\/wp-json\/wp\/v2\/types\/page"}],"author":[{"embeddable":true,"href":"https:\/\/anuario2023.torrefuerte.bo\/index.php\/wp-json\/wp\/v2\/users\/2"}],"replies":[{"embeddable":true,"href":"https:\/\/anuario2023.torrefuerte.bo\/index.php\/wp-json\/wp\/v2\/comments?post=126"}],"version-history":[{"count":9,"href":"https:\/\/anuario2023.torrefuerte.bo\/index.php\/wp-json\/wp\/v2\/pages\/126\/revisions"}],"predecessor-version":[{"id":1296,"href":"https:\/\/anuario2023.torrefuerte.bo\/index.php\/wp-json\/wp\/v2\/pages\/126\/revisions\/1296"}],"wp:attachment":[{"href":"https:\/\/anuario2023.torrefuerte.bo\/index.php\/wp-json\/wp\/v2\/media?parent=126"}],"curies":[{"name":"wp","href":"https:\/\/api.w.org\/{rel}","templated":true}]}}